{"id":2848,"date":"2020-07-29T21:17:30","date_gmt":"2020-07-30T00:17:30","guid":{"rendered":"https:\/\/institutobrasilsolidario.com.br\/EAD\/?page_id=2848"},"modified":"2024-09-20T20:37:08","modified_gmt":"2024-09-20T23:37:08","slug":"login","status":"publish","type":"page","link":"https:\/\/www.brasilsolidario.org.br\/EAD\/login\/","title":{"rendered":"Login"},"content":{"rendered":"\t\t<div data-elementor-type=\"wp-page\" data-elementor-id=\"2848\" class=\"elementor elementor-2848\">\n\t\t\t\t\t\t<section class=\"elementor-section elementor-top-section elementor-element elementor-element-30e9b2e elementor-section-boxed elementor-section-height-default elementor-section-height-default\" data-id=\"30e9b2e\" data-element_type=\"section\" data-e-type=\"section\">\n\t\t\t\t\t\t<div class=\"elementor-container elementor-column-gap-narrow\">\n\t\t\t\t\t\t<\/div>\n\t\t<\/section>\n\t\t\t\t<section class=\"elementor-section elementor-top-section elementor-element elementor-element-f6ec1c5 elementor-section-boxed elementor-section-height-default elementor-section-height-default\" data-id=\"f6ec1c5\" data-element_type=\"section\" data-e-type=\"section\">\n\t\t\t\t\t\t<div class=\"elementor-container elementor-column-gap-default\">\n\t\t\t\t\t<div class=\"elementor-column elementor-col-50 elementor-top-column elementor-element elementor-element-51d678a\" data-id=\"51d678a\" data-element_type=\"column\" data-e-type=\"column\">\n\t\t\t<div class=\"elementor-widget-wrap elementor-element-populated\">\n\t\t\t\t\t\t<div class=\"elementor-element elementor-element-e4963ba elementor-widget elementor-widget-image\" data-id=\"e4963ba\" data-element_type=\"widget\" data-e-type=\"widget\" data-widget_type=\"image.default\">\n\t\t\t\t<div class=\"elementor-widget-container\">\n\t\t\t\t\t\t\t\t\t\t\t\t\t\t\t<img fetchpriority=\"high\" decoding=\"async\" width=\"320\" height=\"600\" src=\"https:\/\/www.brasilsolidario.org.br\/EAD\/wp-content\/uploads\/2021\/05\/EAD-IBS1.gif\" class=\"attachment-large size-large wp-image-75876\" alt=\"\" \/>\t\t\t\t\t\t\t\t\t\t\t\t\t\t\t<\/div>\n\t\t\t\t<\/div>\n\t\t\t\t\t<\/div>\n\t\t<\/div>\n\t\t\t\t<div class=\"elementor-column elementor-col-50 elementor-top-column elementor-element elementor-element-e13eeb5\" data-id=\"e13eeb5\" data-element_type=\"column\" data-e-type=\"column\" data-settings=\"{&quot;background_background&quot;:&quot;classic&quot;}\">\n\t\t\t<div class=\"elementor-widget-wrap elementor-element-populated\">\n\t\t\t\t\t\t<div class=\"elementor-element elementor-element-36cb97b elementor-widget elementor-widget-shortcode\" data-id=\"36cb97b\" data-element_type=\"widget\" data-e-type=\"widget\" data-widget_type=\"shortcode.default\">\n\t\t\t\t<div class=\"elementor-widget-container\">\n\t\t\t\t\t\t\t<div class=\"elementor-shortcode\">\r\n<div class=\"xoo-el-form-container xoo-el-form-inline\" data-active=\"login\">\r\n\r\n\t\r\n\t\r\n\t\r\n<div class=\"xoo-el-header\">\r\n\t<ul class=\"xoo-el-tabs\">\r\n\t\t\r\n        \t\t  <li data-tab=\"login\" class=\"xoo-el-login-tgr\" style=\"order: 0 \">Fa\u00e7a seu login!<\/li>\r\n        \r\n\t\t\r\n\t<\/ul>\r\n<\/div>\r\n\t\r\n\t\r\n\t\t\r\n\t\t\t\r\n\t\t<div data-section=\"login\" class=\"xoo-el-section\">\r\n\r\n\t\t\t<div class=\"xoo-el-fields\">\r\n\r\n\t\t\t\t<div class=\"xoo-el-notice\"><\/div>\r\n\t\t\t\t<form class=\"xoo-el-action-form xoo-el-form-login\">\r\n\r\n\t\t\t\t\t\r\n\t\t\t\t\t<div class=\"xoo-el-fields-cont\"><div class=\"xoo-aff-group xoo-aff-cont-text one xoo-aff-cont-required xoo-el-username_cont\"><div class=\"xoo-aff-input-group\"><span class=\"xoo-aff-input-icon fas fa-user-plus\"><\/span><input type=\"text\" class=\"xoo-aff-required xoo-aff-text xoo-aff-field\" name=\"xoo-el-username\" placeholder=\"e-mail\"  value=\"\" required=\"\t\" autocomplete=\"username\"\/><\/div><\/div><div class=\"xoo-aff-group xoo-aff-cont-password one xoo-aff-cont-required xoo-el-password_cont\"><div class=\"xoo-aff-input-group\"><span class=\"xoo-aff-input-icon fas fa-key\"><\/span><input type=\"password\" class=\"xoo-aff-required xoo-aff-password xoo-aff-field\" name=\"xoo-el-password\" placeholder=\"senha\"  value=\"\" required=\"\t\" autocomplete=\"current-password\"\/><div class=\"xoo-aff-pw-toggle\">\r\n\t\t\t\t\t<span class=\"xoo-aff-pwtog-show\"><i class=\"far fa-eye\"><\/i><\/span>\r\n\t\t\t\t\t<span class=\"xoo-aff-pwtog-hide\"><i class=\"far fa-eye-slash\"><\/i><\/span>\r\n\t\t\t\t\t<\/div><\/div><\/div><\/div>\r\n<div class=\"xoo-aff-group xoo-el-login-btm-fields\">\r\n\t<label class=\"xoo-el-form-label\">\r\n\t\t<input type=\"checkbox\" name=\"xoo-el-rememberme\" value=\"forever\" \/>\r\n\t\t<span>Manter-me conectado<\/span>\r\n\t<\/label>\r\n\t<a class=\"xoo-el-lostpw-tgr\" rel=\"nofollow\" href=\"#\">Esqueceu a senha?<\/a>\r\n<\/div>\r\n\r\n\r\n<input type=\"hidden\" name=\"_xoo_el_form\" value=\"login\">\r\n\r\n<button type=\"submit\" class=\"button btn xoo-el-action-btn xoo-el-login-btn\" >Fazer login<\/button>\r\n\r\n<input type=\"hidden\" name=\"xoo_el_redirect\" value=\"https:\/\/www.brasilsolidario.org.br\/EAD\/perfil\/\">\r\n\t\t\t\t\t\r\n\t\t\t\t<\/form>\r\n\r\n\t\t\t\t\r\n\t\r\n\t\r\n\r\n\t\r\n\t\r\n\t\t\t<\/div>\r\n\r\n\t\t<\/div>\r\n\r\n\t\r\n\t\t\r\n\t\t\t\r\n\t\t<div data-section=\"lostpw\" class=\"xoo-el-section\">\r\n\r\n\t\t\t<div class=\"xoo-el-fields\">\r\n\r\n\t\t\t\t<div class=\"xoo-el-notice\"><\/div>\r\n\t\t\t\t<form class=\"xoo-el-action-form xoo-el-form-lostpw\">\r\n\r\n\t\t\t\t\t\r\n\t\t\t\t\t\r\n\r\n<span class=\"xoo-el-form-txt\">Esqueceu sua senha? Por favor, digite seu endere\u00e7o de e-mail registrado no EAD. Voc\u00ea receber\u00e1 um link por e-mail para criar uma nova senha.<\/span>\r\n\r\n<div class=\"xoo-el-fields-cont\"><div class=\"xoo-aff-group xoo-aff-cont-text one xoo-aff-cont-required user_login_cont\"><label for=user_login class=\"xoo-aff-label\">user_login<\/label><div class=\"xoo-aff-input-group\"><span class=\"xoo-aff-input-icon fas fa-user-plus\"><\/span><input type=\"text\" class=\"xoo-aff-required xoo-aff-text xoo-aff-field\" name=\"user_login\" placeholder=\"\"  value=\"\" required=\"\t\"\/><\/div><\/div><\/div>\r\n\r\n<input type=\"hidden\" name=\"_xoo_el_form\" value=\"lostPassword\">\r\n\r\n<input type=\"hidden\" name=\"_wp_http_referer\" value=\"\/EAD\/wp-json\/wp\/v2\/pages\/2848\" \/>\r\n<button type=\"submit\" class=\"button btn xoo-el-action-btn xoo-el-lostpw-btn\">Redefinir senha<\/button>\r\n\t\t\t\t\t\r\n\t\t\t\t<\/form>\r\n\r\n\t\t\t\t\r\n\t\r\n\t\r\n\r\n\t\r\n\t\r\n\t\t\t<\/div>\r\n\r\n\t\t<\/div>\r\n\r\n\t\r\n\t\r\n<\/div><\/div>\n\t\t\t\t\t\t<\/div>\n\t\t\t\t<\/div>\n\t\t\t\t\t<\/div>\n\t\t<\/div>\n\t\t\t\t\t<\/div>\n\t\t<\/section>\n\t\t\t\t<section class=\"elementor-section elementor-top-section elementor-element elementor-element-0bc8bf6 elementor-section-boxed elementor-section-height-default elementor-section-height-default\" data-id=\"0bc8bf6\" data-element_type=\"section\" data-e-type=\"section\">\n\t\t\t\t\t\t<div class=\"elementor-container elementor-column-gap-default\">\n\t\t\t\t\t<div class=\"elementor-column elementor-col-100 elementor-top-column elementor-element elementor-element-afc8260\" data-id=\"afc8260\" data-element_type=\"column\" data-e-type=\"column\">\n\t\t\t<div class=\"elementor-widget-wrap elementor-element-populated\">\n\t\t\t\t\t\t<div class=\"elementor-element elementor-element-9d74c6e elementor-widget elementor-widget-text-editor\" data-id=\"9d74c6e\" data-element_type=\"widget\" data-e-type=\"widget\" data-widget_type=\"text-editor.default\">\n\t\t\t\t<div class=\"elementor-widget-container\">\n\t\t\t\t\t\t\t\t\t<p>Caso esteja com dificuldade de acessar a plataforma:<\/p><p>1 &#8211; Verifique se o seu <strong>email<\/strong> e <strong>senha<\/strong> foram digitados corretamente.<\/p><p>2 &#8211; Se voc\u00ea tem certeza que os dados est\u00e3o corretos, tente realizar o acesso de forma alternativa <a href=\"https:\/\/www.brasilsolidario.org.br\/EAD\/wp-login.php\">clicando aqui.<\/a><\/p><p>3 &#8211; Se o passo anterior n\u00e3o funcionar, entre em contato com o suporte EaD ou o tutor da sua turma.<\/p>\t\t\t\t\t\t\t\t<\/div>\n\t\t\t\t<\/div>\n\t\t\t\t\t<\/div>\n\t\t<\/div>\n\t\t\t\t\t<\/div>\n\t\t<\/section>\n\t\t\t\t<\/div>\n\t\t","protected":false},"excerpt":{"rendered":"<p>Caso esteja com dificuldade de acessar a plataforma: 1 &#8211; Verifique se o seu email e senha foram digitados corretamente. 2 &#8211; Se voc\u00ea tem certeza que os dados est\u00e3o corretos, tente realizar o acesso de forma alternativa clicando aqui. 3 &#8211; Se o passo anterior n\u00e3o funcionar, entre em contato com o suporte EaD [&hellip;]<\/p>\n","protected":false},"author":2,"featured_media":0,"parent":0,"menu_order":0,"comment_status":"closed","ping_status":"closed","template":"page-builder.php","meta":{"advgb_blocks_editor_width":"","advgb_blocks_columns_visual_guide":"","footnotes":""},"class_list":["post-2848","page","type-page","status-publish","hentry"],"featured_image_urls_v2":{"full":"","thumbnail":"","medium":"","medium_large":"","large":"","1536x1536":"","2048x2048":"","talemy_thumb_x_small":"","talemy_thumb_small_s":"","talemy_thumb_small":"","talemy_thumb_small_x":"","talemy_thumb_half":"","talemy_thumb_medium":"","talemy_thumb_medium_x":"","talemy_thumb_large":"","talemy_thumb_large_x":""},"post_excerpt_stackable_v2":"<p>Fa\u00e7a seu login! Manter-me conectado Esqueceu a senha? Fazer login Esqueceu sua senha? Por favor, digite seu endere\u00e7o de e-mail registrado no EAD. Voc\u00ea receber\u00e1 um link por e-mail para criar uma nova senha. user_login Redefinir senha Caso esteja com dificuldade de acessar a plataforma:1 &#8211; Verifique se o seu email e senha foram digitados corretamente.2 &#8211; Se voc\u00ea tem certeza que os dados est\u00e3o corretos, tente realizar o acesso de forma alternativa clicando aqui.3 &#8211; Se o passo anterior n\u00e3o funcionar, entre em contato com o suporte EaD ou o tutor da sua turma.<\/p>\n","category_list_v2":"","author_info_v2":{"name":"Jone Paraschin Jr","url":"https:\/\/www.brasilsolidario.org.br\/EAD\/author\/jone\/"},"comments_num_v2":"0 coment\u00e1rio","coauthors":[],"author_meta":{"author_link":"https:\/\/www.brasilsolidario.org.br\/EAD\/author\/jone\/","display_name":"Jone Paraschin Jr"},"relative_dates":{"created":"Publicado 6 anos atr\u00e1s","modified":"Atualizado 2 anos atr\u00e1s"},"absolute_dates":{"created":"Publicado em 29 julho 2020","modified":"Atualizado em 20 setembro 2024"},"absolute_dates_time":{"created":"Publicado em 29 julho 2020 21:17","modified":"Atualizado em 20 setembro 2024 20:37"},"featured_img_caption":"","featured_img":false,"series_order":"","_links":{"self":[{"href":"https:\/\/www.brasilsolidario.org.br\/EAD\/wp-json\/wp\/v2\/pages\/2848","targetHints":{"allow":["GET"]}}],"collection":[{"href":"https:\/\/www.brasilsolidario.org.br\/EAD\/wp-json\/wp\/v2\/pages"}],"about":[{"href":"https:\/\/www.brasilsolidario.org.br\/EAD\/wp-json\/wp\/v2\/types\/page"}],"author":[{"embeddable":true,"href":"https:\/\/www.brasilsolidario.org.br\/EAD\/wp-json\/wp\/v2\/users\/2"}],"replies":[{"embeddable":true,"href":"https:\/\/www.brasilsolidario.org.br\/EAD\/wp-json\/wp\/v2\/comments?post=2848"}],"version-history":[{"count":0,"href":"https:\/\/www.brasilsolidario.org.br\/EAD\/wp-json\/wp\/v2\/pages\/2848\/revisions"}],"wp:attachment":[{"href":"https:\/\/www.brasilsolidario.org.br\/EAD\/wp-json\/wp\/v2\/media?parent=2848"}],"curies":[{"name":"wp","href":"https:\/\/api.w.org\/{rel}","templated":true}]}}