{"id":155044,"date":"2023-08-03T20:39:40","date_gmt":"2023-08-03T23:39:40","guid":{"rendered":"https:\/\/www.brasilsolidario.org.br\/EAD\/?page_id=155044"},"modified":"2023-08-04T13:27:16","modified_gmt":"2023-08-04T16:27:16","slug":"certificados","status":"publish","type":"page","link":"https:\/\/www.brasilsolidario.org.br\/EAD\/certificados\/","title":{"rendered":"Certificados"},"content":{"rendered":"\t\t<div data-elementor-type=\"wp-page\" data-elementor-id=\"155044\" class=\"elementor elementor-155044\">\n\t\t\t\t\t\t<section class=\"elementor-section elementor-top-section elementor-element elementor-element-7ef3466 elementor-section-full_width elementor-section-height-default elementor-section-height-default\" data-id=\"7ef3466\" data-element_type=\"section\" data-e-type=\"section\">\n\t\t\t\t\t\t<div class=\"elementor-container elementor-column-gap-default\">\n\t\t\t\t\t<div class=\"elementor-column elementor-col-100 elementor-top-column elementor-element elementor-element-6f4d3bd\" data-id=\"6f4d3bd\" data-element_type=\"column\" data-e-type=\"column\">\n\t\t\t<div class=\"elementor-widget-wrap elementor-element-populated\">\n\t\t\t\t\t\t<section class=\"elementor-section elementor-inner-section elementor-element elementor-element-ba9ab0f elementor-section-boxed elementor-section-height-default elementor-section-height-default\" data-id=\"ba9ab0f\" data-element_type=\"section\" data-e-type=\"section\">\n\t\t\t\t\t\t<div class=\"elementor-container elementor-column-gap-default\">\n\t\t\t\t\t<div class=\"elementor-column elementor-col-50 elementor-inner-column elementor-element elementor-element-14e2159\" data-id=\"14e2159\" data-element_type=\"column\" data-e-type=\"column\">\n\t\t\t<div class=\"elementor-widget-wrap elementor-element-populated\">\n\t\t\t\t\t\t<div class=\"elementor-element elementor-element-f4c9150 elementor-widget__width-initial elementor-widget elementor-widget-text-editor\" data-id=\"f4c9150\" data-element_type=\"widget\" data-e-type=\"widget\" data-widget_type=\"text-editor.default\">\n\t\t\t\t<div class=\"elementor-widget-container\">\n\t\t\t\t\t\t\t\t\t<h3>O aluno que concluir um curso on-line com sucesso receber\u00e1 um certificado!<\/h3><p>Ser\u00e1 considerado apto a receber o certificado o aluno que:<\/p><ol><li>Obter <strong>75%<\/strong> (setenta e cinco por cento) ou mais de frequ\u00eancia on-line.<\/li><li>Realizar <strong>100%<\/strong> (cem por cento) das atividades da plataforma EaD IBS previstas em seu curso.<\/li><\/ol>\t\t\t\t\t\t\t\t<\/div>\n\t\t\t\t<\/div>\n\t\t\t\t<div class=\"elementor-element elementor-element-6cf6cdb elementor-position-top elementor-widget elementor-widget-image-box\" data-id=\"6cf6cdb\" data-element_type=\"widget\" data-e-type=\"widget\" data-widget_type=\"image-box.default\">\n\t\t\t\t<div class=\"elementor-widget-container\">\n\t\t\t\t\t<div class=\"elementor-image-box-wrapper\"><figure class=\"elementor-image-box-img\"><a href=\"https:\/\/www.brasilsolidario.org.br\/EAD\/validar-certificado\/\" tabindex=\"-1\"><img fetchpriority=\"high\" decoding=\"async\" width=\"426\" height=\"300\" src=\"https:\/\/www.brasilsolidario.org.br\/EAD\/wp-content\/uploads\/2023\/08\/certificado-id.jpg\" class=\"attachment-full size-full wp-image-155053\" alt=\"\" srcset=\"https:\/\/www.brasilsolidario.org.br\/EAD\/wp-content\/uploads\/2023\/08\/certificado-id.jpg 426w, https:\/\/www.brasilsolidario.org.br\/EAD\/wp-content\/uploads\/2023\/08\/certificado-id-300x211.jpg 300w, https:\/\/www.brasilsolidario.org.br\/EAD\/wp-content\/uploads\/2023\/08\/certificado-id-100x70.jpg 100w\" sizes=\"(max-width: 426px) 100vw, 426px\" \/><\/a><\/figure><div class=\"elementor-image-box-content\"><h3 class=\"elementor-image-box-title\"><a href=\"https:\/\/www.brasilsolidario.org.br\/EAD\/validar-certificado\/\">Quer saber se o certificado apresentado \u00e9 v\u00e1lido?<\/a><\/h3><p class=\"elementor-image-box-description\">Copie a ID do certificado e visite nossa p\u00e1gina de valida\u00e7\u00e3o.<\/p><\/div><\/div>\t\t\t\t<\/div>\n\t\t\t\t<\/div>\n\t\t\t\t\t<\/div>\n\t\t<\/div>\n\t\t\t\t<div class=\"elementor-column elementor-col-50 elementor-inner-column elementor-element elementor-element-610aa7f\" data-id=\"610aa7f\" data-element_type=\"column\" data-e-type=\"column\">\n\t\t\t<div class=\"elementor-widget-wrap elementor-element-populated\">\n\t\t\t\t\t\t<div class=\"elementor-element elementor-element-db2cff7 elementor-widget__width-initial elementor-widget elementor-widget-image\" data-id=\"db2cff7\" data-element_type=\"widget\" data-e-type=\"widget\" data-widget_type=\"image.default\">\n\t\t\t\t<div class=\"elementor-widget-container\">\n\t\t\t\t\t\t\t\t\t\t\t\t\t\t\t<img decoding=\"async\" width=\"1000\" height=\"1000\" src=\"https:\/\/www.brasilsolidario.org.br\/EAD\/wp-content\/uploads\/2023\/08\/ARTE-CERTIFICADOS.png\" class=\"attachment-full size-full wp-image-155049\" alt=\"\" srcset=\"https:\/\/www.brasilsolidario.org.br\/EAD\/wp-content\/uploads\/2023\/08\/ARTE-CERTIFICADOS.png 1000w, https:\/\/www.brasilsolidario.org.br\/EAD\/wp-content\/uploads\/2023\/08\/ARTE-CERTIFICADOS-300x300.png 300w, https:\/\/www.brasilsolidario.org.br\/EAD\/wp-content\/uploads\/2023\/08\/ARTE-CERTIFICADOS-150x150.png 150w, https:\/\/www.brasilsolidario.org.br\/EAD\/wp-content\/uploads\/2023\/08\/ARTE-CERTIFICADOS-768x768.png 768w, https:\/\/www.brasilsolidario.org.br\/EAD\/wp-content\/uploads\/2023\/08\/ARTE-CERTIFICADOS-380x380.png 380w, https:\/\/www.brasilsolidario.org.br\/EAD\/wp-content\/uploads\/2023\/08\/ARTE-CERTIFICADOS-540x540.png 540w, https:\/\/www.brasilsolidario.org.br\/EAD\/wp-content\/uploads\/2023\/08\/ARTE-CERTIFICADOS-860x860.png 860w\" sizes=\"(max-width: 1000px) 100vw, 1000px\" \/>\t\t\t\t\t\t\t\t\t\t\t\t\t\t\t<\/div>\n\t\t\t\t<\/div>\n\t\t\t\t\t<\/div>\n\t\t<\/div>\n\t\t\t\t\t<\/div>\n\t\t<\/section>\n\t\t\t\t\t<\/div>\n\t\t<\/div>\n\t\t\t\t\t<\/div>\n\t\t<\/section>\n\t\t\t\t<\/div>\n\t\t","protected":false},"excerpt":{"rendered":"<p>O aluno que concluir um curso on-line com sucesso receber\u00e1 um certificado! Ser\u00e1 considerado apto a receber o certificado o aluno que: Obter 75% (setenta e cinco por cento) ou mais de frequ\u00eancia on-line. Realizar 100% (cem por cento) das atividades da plataforma EaD IBS previstas em seu curso. Quer saber se o certificado apresentado [&hellip;]<\/p>\n","protected":false},"author":2,"featured_media":0,"parent":0,"menu_order":0,"comment_status":"closed","ping_status":"closed","template":"","meta":{"advgb_blocks_editor_width":"","advgb_blocks_columns_visual_guide":"","footnotes":""},"class_list":["post-155044","page","type-page","status-publish","hentry"],"featured_image_urls_v2":{"full":"","thumbnail":"","medium":"","medium_large":"","large":"","1536x1536":"","2048x2048":"","talemy_thumb_x_small":"","talemy_thumb_small_s":"","talemy_thumb_small":"","talemy_thumb_small_x":"","talemy_thumb_half":"","talemy_thumb_medium":"","talemy_thumb_medium_x":"","talemy_thumb_large":"","talemy_thumb_large_x":""},"post_excerpt_stackable_v2":"<p>O aluno que concluir um curso on-line com sucesso receber\u00e1 um certificado!Ser\u00e1 considerado apto a receber o certificado o aluno que:Obter 75% (setenta e cinco por cento) ou mais de frequ\u00eancia on-line.Realizar 100% (cem por cento) das atividades da plataforma EaD IBS previstas em seu curso. Quer saber se o certificado apresentado \u00e9 v\u00e1lido?Copie a ID do certificado e visite nossa p\u00e1gina de valida\u00e7\u00e3o.<\/p>\n","category_list_v2":"","author_info_v2":{"name":"Jone Paraschin Jr","url":"https:\/\/www.brasilsolidario.org.br\/EAD\/author\/jone\/"},"comments_num_v2":"0 coment\u00e1rio","coauthors":[],"author_meta":{"author_link":"https:\/\/www.brasilsolidario.org.br\/EAD\/author\/jone\/","display_name":"Jone Paraschin Jr"},"relative_dates":{"created":"Publicado 3 anos atr\u00e1s","modified":"Atualizado 3 anos atr\u00e1s"},"absolute_dates":{"created":"Publicado em 3 agosto 2023","modified":"Atualizado em 4 agosto 2023"},"absolute_dates_time":{"created":"Publicado em 3 agosto 2023 20:39","modified":"Atualizado em 4 agosto 2023 13:27"},"featured_img_caption":"","featured_img":false,"series_order":"","_links":{"self":[{"href":"https:\/\/www.brasilsolidario.org.br\/EAD\/wp-json\/wp\/v2\/pages\/155044","targetHints":{"allow":["GET"]}}],"collection":[{"href":"https:\/\/www.brasilsolidario.org.br\/EAD\/wp-json\/wp\/v2\/pages"}],"about":[{"href":"https:\/\/www.brasilsolidario.org.br\/EAD\/wp-json\/wp\/v2\/types\/page"}],"author":[{"embeddable":true,"href":"https:\/\/www.brasilsolidario.org.br\/EAD\/wp-json\/wp\/v2\/users\/2"}],"replies":[{"embeddable":true,"href":"https:\/\/www.brasilsolidario.org.br\/EAD\/wp-json\/wp\/v2\/comments?post=155044"}],"version-history":[{"count":0,"href":"https:\/\/www.brasilsolidario.org.br\/EAD\/wp-json\/wp\/v2\/pages\/155044\/revisions"}],"wp:attachment":[{"href":"https:\/\/www.brasilsolidario.org.br\/EAD\/wp-json\/wp\/v2\/media?parent=155044"}],"curies":[{"name":"wp","href":"https:\/\/api.w.org\/{rel}","templated":true}]}}